e greatest common factor of 48 and 144.
48
Calculate the greatest common factor of 1921 and 68.
17
Calculate the highest common factor of 50 and 175.
25
Calculate the highest common divisor of 39 and 247.
13
Calculate the greatest common factor of 77 and 1408.
11
Calculate the highest common factor of 20790 and 28.
14
What is the highest common divisor of 2108 and 102?
34
What is the highest common divisor of 768 and 8?
8
Calculate the highest common divisor of 91 and 7371.
91
Calculate the highest common divisor of 25125 and 3.
3
What is the greatest common divisor of 440 and 1400?
40
What is the highest common divisor of 10 and 45?
5
What is the highest common factor of 15 and 34800?
15
What is the highest common factor of 786 and 336?
6
What is the highest common divisor of 3 and 15159?
3
Calculate the highest common divisor of 1 and 1807.
1
What is the highest common factor of 24289 and 454?
227
What is the greatest common factor of 474 and 8769?
237
Calculate the greatest common divisor of 962 and 666.
74
Calculate the highest common factor of 546 and 13.
13
Calculate the greatest common divisor of 570 and 165.
15
What is the highest common factor of 15552 and 144?
144
What is the greatest common factor of 10 and 1420?
10
What is the greatest common factor of 54675 and 270?
135
What is the highest common factor of 1148 and 123?
41
What is the greatest common divisor of 23 and 4?
1
What is the greatest common divisor of 2541 and 42?
21
What is the greatest common divisor of 10777 and 39?
13
Calculate the greatest common divisor of 126 and 36.
18
What is the highest common factor of 29 and 1885?
29
Calculate the greatest common factor of 4 and 198.
2
Calculate the highest common factor of 140 and 20.
20
Calculate the greatest common divisor of 70 and 770.
70
What is the highest common factor of 203 and 112?
7
Calculate the greatest common factor of 1529 and 11.
11
What is the highest common factor of 5 and 7265?
5
Calculate the greatest common divisor of 308 and 12.
4
Calculate the greatest common factor of 16 and 688.
16
What is the highest common factor of 4 and 1392?
4
What is the highest common factor of 76 and 19532?
76
Calculate the highest common factor of 170 and 646.
34
Calculate the greatest common factor of 36 and 252.
36
Calculate the greatest common divisor of 132 and 616.
44
What is the highest common factor of 66 and 33?
33
What is the highest common factor of 16 and 496?
16
What is the greatest common divisor of 4 and 10196?
4
Calculate the greatest common factor of 1079 and 581.
83
What is the greatest common divisor of 564 and 48?
12
What is the highest common factor of 6981 and 78?
39
What is the highest common factor of 133 and 95?
19
What is the greatest common divisor of 704 and 77?
11
What is the greatest common divisor of 115 and 368?
23
What is the highest common factor of 834 and 6?
6
Calculate the highest common factor of 11 and 176.
11
What is the highest common factor of 21 and 5817?
21
Calculate the highest common divisor of 124 and 4.
4
What is the greatest common divisor of 8 and 640?
8
Calculate the greatest common divisor of 95 and 20.
5
Calculate the highest common divisor of 754 and 169.
13
Calculate the highest common factor of 1320 and 48.
24
Calculate the greatest common factor of 219 and 6.
3
Calculate the greatest common factor of 801 and 1780.
89
Calculate the highest common factor of 156 and 3576.
12
What is the greatest common divisor of 517 and 176?
11
What is the highest common factor of 162 and 6561?
81
Calculate the greatest common factor of 45 and 10755.
45
What is the greatest common factor of 304 and 19?
19
What is the greatest common divisor of 1651 and 533?
13
What is the greatest common factor of 129 and 4?
1
What is the highest common factor of 464 and 29?
29
What is the greatest common divisor of 11 and 2123?
11
What is the greatest common divisor of 630 and 270?
90
Calculate the greatest common divisor of 244 and 122.
122
Calculate the greatest common factor of 24 and 16.
8
Calculate the highest common factor of 236 and 8.
4
What is the greatest common divisor of 34 and 221?
17
What is the highest common divisor of 40 and 128?
8
Calculate the highest common factor of 50 and 550.
50
Calculate the highest common factor of 69 and 23.
23
Calculate the greatest common divisor of 8 and 1104.
8
What is the highest common factor of 15 and 1335?
15
Calculate the greatest common divisor of 8 and 56.
8
Calculate the highest common factor of 687 and 12824.
229
What is the greatest common factor of 1482 and 312?
78
Calculate the greatest common divisor of 4235 and 121.
121
What is the highest common factor of 37 and 1739?
37
What is the highest common divisor of 36 and 26658?
18
Calculate the greatest common divisor of 1738 and 143.
11
What is the greatest common factor of 285 and 75?
15
Calculate the highest common divisor of 143 and 55.
11
Calculate the highest common factor of 30 and 22035.
15
Calculate the highest common factor of 30 and 960.
30
What is the highest common divisor of 19 and 152?
19
Calculate the greatest common factor of 175 and 21.
7
What is the greatest common divisor of 1668 and 12?
12
What is the highest common factor of 30 and 66?
6
Calculate the greatest common factor of 1 and 127.
1
Calculate the greatest common divisor of 539 and 49.
49
What is the greatest common divisor of 52 and 11960?
52
What is the greatest common divisor of 8 and 152?
8
What is the highest common divisor of 314 and 4?
2
What is the greatest common divisor of 78 and 26?
26
What is the greatest common factor of 56 and 84?
28
What is the greatest common divisor of 56042 and 14?
14
What is the greatest common factor of 663 and 1391?
13
What is the greatest common factor of 31 and 589?
31
What is the highest common factor of 280 and 1330?
70
What is the greatest common divisor of 21 and 357?
21
What is the highest common factor of 19762 and 82?
82
What is the highest common factor of 75 and 425?
25
What is the greatest common divisor of 104 and 3?
1
Calculate the highest common factor of 25 and 625.
25
Calculate the highest common divisor of 15385 and 362.
181
Calculate the greatest common divisor of 122 and 1952.
122
Calculate the highest common divisor of 11802 and 70.
14
What is the greatest common divisor of 90 and 5370?
30
Calculate the greatest common divisor of 2176 and 340.
68
Calculate the highest common factor of 297 and 153.
9
Calculate the highest common divisor of 845 and 130.
65
Calculate the highest common factor of 32 and 352.
32
What is the greatest common factor of 123 and 6?
3
What is the highest common factor of 12 and 2456?
4
What is the highest common divisor of 5 and 265?
5
Calculate the greatest common factor of 35 and 60.
5
What is the greatest common divisor of 1750 and 1250?
250
What is the highest common factor of 174 and 22098?
174
What is the highest common divisor of 2072 and 112?
56
What is the highest common factor of 139 and 1?
1
What is the highest common factor of 11160 and 62?
62
Calculate the greatest common divisor of 399 and 42.
21
Calculate the highest common factor of 96 and 40.
8
What is the greatest common factor of 12 and 228?
12
Calculate the greatest common divisor of 3060 and 144.
36
What is the greatest common factor of 396 and 297?
99
What is the greatest common divisor of 61 and 1403?
61
Calculate the highest common divisor of 416 and 26.
26
Calculate the highest common divisor of 27326 and 26.
26
Calculate the highest common divisor of 47 and 1504.
47
Calculate the greatest common factor of 57 and 722.
19
Calculate the highest common divisor of 416 and 858.
26
What is the greatest common factor of 1411 and 17?
17
What is the greatest common factor of 122 and 366?
122
Calculate the highest common divisor of 238 and 442.
34
Calculate the greatest common divisor of 50 and 570.
10
Calculate the highest common divisor of 27 and 20115.
27
What is the highest common divisor of 448 and 168?
56
What is the highest common factor of 1701 and 21?
21
Calculate the greatest common divisor of 45 and 72.
9
What is the greatest common factor of 5450 and 750?
50
What is the highest common factor of 468 and 4860?
36
What is the greatest common factor of 144 and 261